) = 18924*g**2 + 813729*g - 140. Calculate q(-43).
-11
Let t(b) = 9812*b - 186474. What is t(19)?
-46
Let h(r) = -2*r**2 + 179803*r + 1258696. Calculate h(-7).
-23
Let s(o) = 5393*o - 30578. Calculate s(6).
1780
Let f(z) = 2*z**3 + 5*z**2 - 462*z - 3981. What is f(-9)?
-876
Let y(g) = 32*g + 1342. Calculate y(-9).
1054
Let i(s) = -28012*s - 56027. Calculate i(-2).
-3
Let y(t) = 1105*t - 1595625. Determine y(1444).
-5
Let g(p) = -6*p**3 - 101*p**2 + 15*p - 104. Calculate g(-17).
-70
Let s(o) = -5*o**3 - 21*o**2 + 255*o + 1031. What is s(-4)?
-5
Let z(n) = -3320*n + 368515. Determine z(111).
-5
Let n(r) = r**2 - 1491*r - 152479. What is n(-96)?
-127
Let u(g) = 115*g - 11546. Give u(118).
2024
Let b(h) = -280*h**3 - 24*h**2 - 22*h + 127. Calculate b(2).
-2253
Let p(s) = -71*s**2 - 995*s + 8575. What is p(-20)?
75
Let o(b) = -639*b - 864. Determine o(-2).
414
Let t(n) = 1153*n + 18604. What is t(-13)?
3615
Let a(x) = -1130*x - 66. Give a(-1).
1064
Let r(b) = 755*b - 6116. Determine r(9).
679
Let l(j) = -21041*j - 315605. Calculate l(-15).
10
Let g(h) = -26790*h + 2089699. Determine g(78).
79
Let y(k) = 7238*k - 43444. Determine y(6).
-16
Let f(s) = 512*s**2 + 26*s - 18. Calculate f(-2).
1978
Let o(r) = -2439*r - 19497. Calculate o(-8).
15
Let j(l) = 3*l**3 - 591*l**2 + 2280*l + 6978. Give j(193).
30
Let o(j) = 12671*j - 114060. What is o(9)?
-21
Let s(g) = -2*g**2 - 32253*g - 128973. Determine s(-4).
7
Let m(w) = 367*w - 9433. Determine m(30).
1577
Let x(v) = v**2 + 1167*v - 106544. What is x(85)?
-124
Let z(x) = 19335*x + 116012. Determine z(-6).
2
Let t(u) = 12376*u - 30618229. Give t(2474).
-5
Let i(j) = j**2 + 2167*j + 53550. Determine i(-25).
0
Let q(j) = j**3 - 360*j**2 + 5840*j - 880. Calculate q(343).
2207
Let y(q) = 17*q**2 + 398*q + 2143. Give y(-15).
-2
Let y(j) = -5*j**2 - 268*j - 3578. What is y(-27)?
13
Let s(a) = -1729*a**2 - 516975*a - 1308. What is s(-299)?
-112
Let q(i) = 8*i + 426. Calculate q(-110).
-454
Let f(c) = -c**3 - 3*c**2 + 359*c + 306. Give f(18).
-36
Let k(v) = -67*v**2 + 837*v - 2517. Calculate k(7).
59
Let t(v) = v**2 - 3849*v - 139849. Give t(-36).
11
Let y(h) = h**3 + 255*h**2 - 7940*h - 2081279. What is y(-254)?
-3
Let r(g) = 15*g**3 + 178*g**2 + 398*g + 22. Give r(-9).
-77
Let j(v) = 84*v + 5655. What is j(-69)?
-141
Let l(i) = 2*i**3 - 523*i**2 - 5448*i - 159. Give l(-10).
21
Let w(g) = -6*g**3 + 183*g**2 + 474*g - 11813. Give w(31).
-2
Let a(c) = 6*c**2 + 111277*c + 667438. What is a(-6)?
-8
Let g(v) = 17072*v + 11130950. Give g(-652).
6
Let g(p) = 262*p**2 - 9980*p - 9979. Determine g(-1).
263
Let i(h) = -3*h**2 - 117*h + 3628. Determine i(-61).
-398
Let m(w) = -408*w - 19977. Calculate m(-49).
15
Let x(s) = s**3 - 29*s**2 - 965*s + 27506. Give x(33).
17
Let s(y) = 242*y**2 - 2383*y - 67. What is s(10)?
303
Let r(j) = -j**3 - 16*j**2 - 1859*j - 34091. What is r(-18)?
19
Let z(x) = -475*x + 6570. Determine z(13).
395
Let a(q) = q**2 - 258*q - 99490. Give a(-212).
150
Let r(j) = -2*j**2 - 68*j + 67872. Determine r(-202).
0
Let g(q) = -q**3 - 18*q**2 + 59*q + 354. Give g(-21).
438
Let b(w) = w**3 + 62*w**2 + 240*w - 222. What is b(-58)?
-686
Let o(q) = q**3 - 76*q**2 + 93*q - 1368. What is o(75)?
-18
Let f(n) = -41*n**2 + 1303*n + 19303. Give f(-11).
9
Let y(r) = 16782*r - 36627. What is y(2)?
-3063
Let v(a) = -11*a**2 + 1396*a + 11473. What is v(-8)?
-399
Let h(n) = 25513*n - 76551. Calculate h(3).
-12
Let i(j) = -1288*j - 218974. Calculate i(-170).
-14
Let b(g) = -249105*g + 2989245. Calculate b(12).
-15
Let v(h) = -441*h**2 + 196246*h - 521. Calculate v(445).
-76
Let x(r) = 3*r**3 - 228*r**2 + 4180*r + 236. What is x(45)?
11
Let k(t) = 2070794*t + 64194612. Give k(-31).
-2
Let a(z) = 112719*z - 225442. Calculate a(2).
-4
Let l(g) = g**2 + 62*g + 784. Calculate l(-49).
147
Let s(g) = 8*g**3 + 27*g**2 - 81. Determine s(-6).
-837
Let u(n) = -n**2 + 171*n - 1407. Calculate u(19).
1481
Let u(v) = -v**3 + 195*v**2 - 4970*v + 41. Calculate u(30).
-559
Let x(d) = 94*d**2 + 9665*d + 17271. Give x(-101).
0
Let f(l) = 35879*l + 251413. Determine f(-7).
260
Let g(v) = 43708*v + 655648. Give g(-15).
28
Let a(t) = -11957*t - 705633. Determine a(-59).
-170
Let y(g) = 5530*g + 9965067. What is y(-1802)?
7
Let k(m) = -4*m**3 + 97*m**2 - 183*m - 684. Give k(22).
-354
Let w(v) = 3287*v + 23033. Give w(-7).
24
Let i(l) = 202*l**2 + 25*l + 15. Give i(-2).
773
Let o(d) = -d**3 + 18*d**2 - 31*d + 75. What is o(14)?
425
Let q(g) = -8050*g**2 + 80503*g - 18. What is q(10)?
12
Let v(a) = a**3 + 43*a**2 - 529*a - 23902. Calculate v(-42).
80
Let h(g) = g**2 - 13370*g + 80197. Give h(6).
13
Let y(p) = 4611*p + 244409. What is y(-53)?
26
Let l(m) = -m**2 + 320*m - 22280. Give l(102).
-44
Let t(d) = -25206*d - 4259788. Calculate t(-169).
26
Let c(q) = -2*q**3 + 26*q**2 - 632*q + 6530. What is c(12)?
-766
Let a(r) = -r**3 - 421*r + 3874. Determine a(8).
-6
Let a(h) = 333*h + 24660. Calculate a(-68).
2016
Let n(b) = 844*b + 38822. Determine n(-46).
-2
Let w(a) = 7466*a - 81842. What is w(11)?
284
Let t(x) = 339088*x - 338946. Determine t(1).
142
Let u(o) = o**3 - o**2 + 130*o + 2392. Determine u(-10).
-8
Let o(c) = 175949*c + 703788. Calculate o(-4).
-8
Let x(p) = 15945*p**2 + 47851*p + 5. Calculate x(-3).
-43
Let s(a) = -83*a - 615. Calculate s(-11).
298
Let v(q) = 665*q**2 - 1290*q - 11. Give v(2).
69
Let b(o) = 126*o**2 - 147*o - 380. Give b(-3).
1195
Let m(c) = 156*c**2 - 730*c + 786. Give m(3).
0
Let p(u) = -u**3 - 2*u**2 + 19*u - 3. Calculate p(-5).
-23
Let h(a) = 47*a**2 + 419*a + 2111. What is h(-5)?
1191
Let s(o) = 4*o**3 + 4*o**2 - 1231*o - 6101. Give s(-5).
-346
Let b(m) = 7101*m**2 - 49712*m + 49. Determine b(7).
14
Let p(t) = 9*t**2 - 57*t + 57. What is p(2)?
-21
Let o(i) = -i**3 + 149*i**2 - 718*i - 346. What is o(144)?
-58
Let b(x) = 19*x**2 - 526*x - 39. Calculate b(28).
129
Let z(y) = 42208*y + 26759876. Give z(-634).
4
Let x(v) = -v**3 - 12*v**2 + 131*v + 1356. What is x(-11)?
-206
Let b(g) = -2*g**2 - 174*g - 739. What is b(-76)?
933
Let m(c) = -2*c**3 - 179*c**2 + 8397*c + 101. Give m(34).
67
Let r(t) = 5*t**3 - 1176*t**2 + 237*t + 1878. What is r(235)?
2348
Let s(t) = 71*t - 1936. What is s(9)?
-1297
Let h(p) = -2*p**2 + 507*p - 28677. Determine h(78).
-1299
Let u(q) = -2*q**2 - 641*q - 32262. What is u(-258)?
-12
Let v(h) = h**2 + 19477*h - 311904. What is v(16)?
-16
Let z(t) = t**3 + 59*t**2 + 161*t - 536. What is z(-56)?
-144
Let h(i) = 49763*i - 149280. What is h(3)?
9
Let a(g) = g**3 - 119*g**2 + 226*g + 14216. Determine a(116).
64
Let f(h) = 7121*h + 242125. Determine f(-34).
11
Let z(w) = 63991*w + 1663765. What is z(-26)?
-1
Let i(j) = j**3 - 108*j**2 - 769*j + 92. What is i(-7)?
-160
Let r(t) = -t**2 + 13772*t - 1380768. Calculate r(101).
3
Let c(m) = 8*m**3 + 2266*m**2 + 568*m + 402. Give c(-283).
-164
Let o(n) = 5*n**2 + 4629*n - 18513. Determine o(4).
83
Let g(v) = -11*v**2 + 179*v - 97. Give g(13).
371
Let y(u) = 3*u**3 - 4*u**2 + 389*u - 779. Give y(2).
7
Let d(f) = 3*f**3 + 31*f**2 + 60*f + 79. Calculate d(-8).
47
Let f(n) = -8*n**3 + 1778*n**2 + 1333*n + 1120. Give f(223).
5
Let k(c) = 39*c**2 - 493*c - 39. Determine k(13).
143
Let v(h) = h**2 - 102*h - 6461. What is v(-42)?
-413
Let o(f) = -f**3 + 20*f**2 + 23*f - 921. Determine o(14).
577
Let q(x) = -5*x**2 + 3010*x + 138698. Calculate q(-43).
23
Let q(w) = w**2 + 78*w - 33. What is q(-82)?
295
Let q(k) = -3*k**3 + 16*k**2 + 127*k - 556. What is q(7)?
88
Let q(l) = 1085932*l - 11945203. What is q(11)?
49
Let r(n) = -68*n - 12798. What is r(-187)?
-82
Let u(g) = -g**2 + 2697*g - 194111. Determine u(74).
-9
Let z(b) = -4215*b - 29920. Determine z(-7).
-415
Let f(l) = -l**3 - 10*l**2 + 1387*l - 1380. Give f(-43).
-4
Let s(z) = -314641*z + 629260. Calculate s(2).
-22
Let k(f) = 75*f**2 + 23180*f + 1543. Calculate k(-309).
-2
Let c(w) = 2*w**3 - 189*w**2 - 457*w + 16141. Calculate c(96).
-83
Let h(j) = -13*j**3 - 291*j**2 - 97*j + 317. Determine h(-22).
31
Let d(v) = -3*v**3 + 102*v**2 - 39*v - 1974. What is d(33)?
6
Let d(z) = -1715*z + 5630. What is d(4)?
-1230
Let f(p) = 51*p + 5104. Determine f(-102).
-98
Let u(a) = 2*a**3 - 13*a**2 - 10*a + 59. Determine u(5).
-66
Let x(n) = -6052*n - 24184. Determine x(-4).
24
Let j(c) = 21*c**3 + 6*c**2 + 106*c +